*d - 36. Suppose -5*p - 58 = -4*i, -8*i + 54 = -3*i + d*p. What is the remainder when 16 is divided by i?
4
Let v(o) = 3*o + 20. Let k be v(-6). Suppose k*n + 176 = 6*n. Suppose 0 = 8*c - 12*c + 48. What is the remainder when n is divided by c?
8
What is the remainder when 61 is divided by -3 + ((-13)/65 - 1)/(2/(-40))?
19
Suppose -38*f + 25*f + 5263 = -23584. What is the remainder when f is divided by 22?
19
Let w(g) be the first derivative of 27*g**2/2 + 11*g + 49. What is the remainder when w(3) is divided by 37?
18
Suppose 20 = j + 13. Let l(z) = -z**3 - 8*z**2 - 14*z - 1. What is the remainder when l(-9) is divided by j?
3
Suppose -18*g + 66 = -17*g. Calculate the remainder when 177 is divided by g.
45
Suppose 3*i - 3*t - 270 = 0, 2 = 2*t - 0. Suppose -96*p = -i*p - 475. Calculate the remainder when p is divided by 6.
5
Suppose 0*j + 10 = j. Let s be (-20)/(-160) + (-15)/(-8). What is the remainder when ((-66)/(-22))/(s/24) is divided by j?
6
Let t = -2144 - -2326. What is the remainder when t is divided by 60?
2
What is the remainder when 1144 is divided by (111/(-6) - 0)/((-2)/4)?
34
Let r(x) = -16*x - 384. Calculate the remainder when r(-26) is divided by (-17)/(-1 - 0) + (6 - 7).
0
Suppose -4*q + u = -302, 0 = -0*q - 4*q - u + 306. Let p(g) = g**2 + 86*g + 1760. What is the remainder when q is divided by p(-53)?
10
Let n be -3 + 5/(20/32). Let m be (8/(-4) - -3)/((-1)/(-3)). What is the remainder when 21 is divided by 6/(n + (-12)/m)?
3
Let d = 7186 + -7020. Let h(z) = z + 42. Suppose -3*r - 4 = q, r + 3*q + 12 = 4*r. What is the remainder when d is divided by h(r)?
40
Let i = -107 - -121. Calculate the remainder when i is divided by ((-18)/5 + 3)*-2*5.
2
Suppose r - 2*x = -7*x + 2065, 0 = 5*r - 7*x - 10325. Calculate the remainder when r is divided by 39.
37
Suppose h + 2*h - 182 = 4*u, -3*u - 4*h = 124. Let o = -43 - u. Suppose 3*m + o - 10 = 0. Calculate the remainder when 14 is divided by m.
2
Suppose -4*m - 34 + 106 = 0. Let j(h) be the third derivative of -h**4/24 + 53*h**3/3 - 5*h**2. Calculate the remainder when j(0) is divided by m.
16
Let z = -5 + 4. Let j = -4844 + 4910. Calculate the remainder when j is divided by (-23)/z + -1 + 1.
20
Let g = -2841 + 1232. Let p = g - -1621. Let u = -122 - -251. Calculate the remainder when u is divided by p.
9
Let i(a) = 154 + 89*a - 182*a + 96*a. What is the remainder when 397 is divided by i(-32)?
49
Let z = -118 - -208. Suppose 7*f - z = 15. Calculate the remainder when 161 is divided by f.
11
Let i = 39011 - 39002. Calculate the remainder when -22*((-1)/2 - 1) is divided by i.
6
Let h(s) = s**2 - 11*s - 109. Let a be h(-6). Calculate the remainder when 130 is divided by (a - -12)/((-15)/(-12)) + 8.
10
Let s be 79/(-2) + (-1)/2. Let g = -5296 - -5296. Let y = g - s. What is the remainder when y is divided by 11?
7
Suppose -t + 3*q + 273 = -514, -5*q = 45. Calculate the remainder when t is divided by 24.
16
Let r be (-14 - (-162)/12)/((-1)/(-328)). Let z = -150 - r. Calculate the remainder when 344 is divided by z.
8
Let v = -5852 + 5888. Calculate the remainder when v is divided by -4 + (13/1 - -4).
10
Let q = -261 + 274. Suppose 3*p = -3*k + 54, k + 3*p + 0 = 18. What is the remainder when k is divided by q?
5
What is the remainder when 14*(6/(-12))/(-1) + 350 is divided by 10?
7
Suppose 10982 = 188*v + 3274. Calculate the remainder when 651 is divided by v.
36
Let n(z) = 4*z + 53. Suppose -14*i - 112 = -0*i. What is the remainder when 312 is divided by n(i)?
18
Calculate the remainder when 3712 is divided by (-24119)/(-13) + 112/(-364).
2
Let q = 1524 + -1280. Calculate the remainder when 1463 is divided by q.
243
Suppose -118*a - 239*a = -199206. What is the remainder when 1120 is divided by a?
4
Let g = -6611 + 6939. Calculate the remainder when g is divided by 63.
13
Let w(f) = f**3 + 7*f**2 + f - 1. Suppose 0 = -3*h - h - 12. Let k = 3473 + -3250. What is the remainder when k is divided by w(h)?
31
Let m(w) = 114*w**2 - 141*w + 134. Calculate the remainder when 522 is divided by m(1).
94
Let p be ((-6)/9)/((-64)/(-864)). Calculate the remainder when ((-9 - -156) + p)*1 is divided by 35.
33
Suppose 40 = 5*l - 5*i, 2*l + 5*i = 21 - 12. Suppose 14*f - l*f = 819. Calculate the remainder when f is divided by 22.
7
Suppose -l = -5*l + 5*n + 199, -3*n - 101 = -2*l. What is the remainder when l is divided by ((-136)/48*-3)/(3/(2 - -4))?
12
Suppose -5*l + 122 = -2*g + 4*g, 2*l = -3*g + 51. Suppose -8*j + l = -56. Calculate the remainder when j is divided by -12*12/(-32)*2/3.
1
Let u = 3713 + -3673. What is the remainder when 947 is divided by u?
27
Let p(t) be the third derivative of 7*t**4/4 + 40*t**3 - 368*t**2. Calculate the remainder when 333/6 + (-2)/4 is divided by p(-5).
25
Suppose -c - 750 = 3*o - 2238, -1980 = -4*o - 2*c. What is the remainder when o is divided by 48?
18
Let a be 14 + (-3)/5*(-15)/3. Suppose -626 + 3907 = a*k. Calculate the remainder when k is divided by 22.
17
Let w(c) = -c + 1. Let z(y) = -159*y - 1. Let a(x) = 5*w(x) - z(x). Let g be a(1). Let k = g + -83. What is the remainder when k is divided by 20?
17
Suppose 0 = 68*k + 14*k - 984. Calculate the remainder when 945 is divided by k.
9
Let k = -445 - -435. Let y(l) = l**3 + 11*l**2 + 14*l + 82. Calculate the remainder when y(k) is divided by 22.
20
Let n(w) = -w**3 + 11*w**2 + 5*w + 166. Calculate the remainder when 199 is divided by n(12).
35
Suppose -5*s + 725 = d, 6*s - 7*d = 9*s - 435. What is the remainder when 868 is divided by s?
143
Let n = -11677 - -12972. Calculate the remainder when n is divided by 647.
1
Let i be 4/((-80)/(-55)) + (-2)/(-8). Suppose v - 4 = -i*n - 3*v, 2*v - 14 = -3*n. Suppose 0 = n*s + 4*s - 84. Calculate the remainder when 13 is divided by s.
6
Let a = 647 - 550. Suppose -3*k = -5*z - a, -4*k - z + 0*z + 160 = 0. Calculate the remainder when k is divided by 11.
6
Suppose 7667 - 8078 = -3*d. Calculate the remainder when 831 is divided by d.
9
Let l(g) be the second derivative of 4*g**3/3 + 156*g**2 + 42*g. Calculate the remainder when (30/7)/(1/7) is divided by l(-37).
14
Suppose 6*p = -74 + 530. Let a = p + -66. Let s(m) = -m**3 + 14*m**2 - 9*m - 19. What is the remainder when s(13) is divided by a?
3
Let o(z) = 3*z**2 - 3*z + 1. Let f = 142 + -135. Suppose 3*c = 4*h + 18, 0 = -3*c - 5*h + f*h + 24. Calculate the remainder when o(-3) is divided by c.
7
Let v(j) = -42*j - 871. Calculate the remainder when 33 is divided by v(-21).
0
What is the remainder when 3846 is divided by 1 - (-9)/(-12) - (-414)/8?
50
Suppose -107977 = -308*i + 299199. What is the remainder when i is divided by 100?
22
Let y(p) = 3*p**2 + 10*p + 9. Let m be y(-3). Calculate the remainder when 31/2 + m/4 is divided by 7.
3
Let o(n) = -n**3 + 6*n**2 + 19*n - 21. Let q be o(8). Suppose 0 = 3*r - 10 + 1, 4*d - q*r = 555. What is the remainder when d is divided by 29?
25
Suppose -5*q - 25 = 0, 4*b + 6*q - 41 = 11*q. Suppose -2*p + 994 = p - 5*v, -4*v - 1312 = -b*p. Calculate the remainder when p is divided by 22.
15
What is the remainder when 1998 is divided by 89 - (18/10 - 19/(-95))?
84
Let l = 609 + -607. Suppose -4*f + 1 = 3*u, -26*f = -4*u - 31*f + l. Calculate the remainder when 44 is divided by u.
2
Suppose 0 = 239*w - 107*w - 178068. Calculate the remainder when w is divided by 124.
109
Let y(s) be the first derivative of -57*s**2/2 - s + 3. Calculate the remainder when y(-2) is divided by 1*((-7)/3 - -2) + (-15260)/(-654).
21
Let i = 202 + -44. Let c(f) = 46*f + 664. What is the remainder when i is divided by c(-14)?
18
Suppose 4*q + 79*s - 376 = 75*s, -3*q = 2*s - 283. What is the remainder when q is divided by 14?
11
Suppose -541 = -3*h - 2*s, 2*h = 3*s + 2*s + 367. Let t = 195 - h. Calculate the remainder when 26 is divided by t.
12
Let h(i) = -i**3 + 96*i**2 - 84*i - 993. Calculate the remainder when 283 is divided by h(95).
23
Suppose -2*k - a - a - 22 = 0, -3*k - 41 = -5*a. Let g(f) = f**2 + 12*f + 22. Calculate the remainder when 65 is divided by g(k).
21
Let c(g) = -g**3 - 2*g**2 + 13*g + 11. What is the remainder when -5 + 8 + 389 + 5 is divided by c(-5)?
19
Let q(j) = 6*j**2 + 3*j - 3. What is the remainder when q(3) is divided by (224/(-168))/(4/(-33))?
5
Suppose 5*v + 0 = -2*a - 1, 0 = 4